rime number?
False
Let a = -103 - -266. Is a a composite number?
False
Suppose -1128 = -0*u - 4*u. Suppose 0 = -5*x + 3*m + u - 49, -135 = -3*x - 3*m. Is x prime?
False
Suppose 4*t - 18 = 14. Let l = t - 5. Is l composite?
False
Let s(l) = 16*l + 4 - 3*l + 2*l + 1. Is s(6) a composite number?
True
Is ((-70)/21)/(4/(-1338)) a prime number?
False
Suppose -5*b + 5*q - 39 = -4, 5*b = 2*q - 35. Let u(v) = -v - 25. Let o(a) = a + 12. Let z(w) = -5*o(w) - 2*u(w). Is z(b) a composite number?
False
Let x = 4 + -2. Is x/(5*2/1025) prime?
False
Suppose 4*k = -0*k, u = k + 139. Is u composite?
False
Let g(p) = p**2 - 3*p + 2. Let i be g(3). Let u(m) = m**2 + m + 11*m**i - 1 + m**2. Is u(-3) composite?
False
Suppose -5*l - 5*v = -275, -2*l = 2*l + 5*v - 215. Suppose l = -2*q + 166. Is q composite?
False
Suppose 3*x + 524 = 7*x. Suppose 2*z = -3*b + x, -3*z + 0*b + 200 = b. Is z a composite number?
False
Suppose f = -2*f + d + 874, 5*f + 2*d - 1475 = 0. Is f a prime number?
True
Suppose 6*s = s + 295. Is s composite?
False
Suppose 5*j - 4*a - 19 = -3*a, 2*a = 5*j - 23. Suppose r = -j*u + 366, -3*u + 258 = -u - 4*r. Is u prime?
False
Let l(r) = -9*r**3 + r**2 + 2*r + 5. Is l(-3) a prime number?
True
Suppose -3*m + 22 = -11. Let t = 32 - m. Is t prime?
False
Let b(h) = -h**3 - 5*h**2 + 5*h + 5. Suppose 6*v - 2*v = -24. Let w be b(v). Let f(z) = -z**3 + 10*z**2 + 16*z - 4. Is f(w) a composite number?
True
Suppose 2*s = -2*s + 416. Let i be 0/1 - (-2 - s). Let n = i + -73. Is n composite?
True
Let p = 229 + -44. Is p composite?
True
Suppose 3*w - 6 = 120. Let i = -17 + w. Is i a composite number?
True
Suppose -4*y = -y - 288. Let i = y + -31. Suppose -280 = -u - i. Is u a composite number?
True
Suppose 2*i + 0 = 4. Let d(v) = 4 + 2*v + i*v**3 - 1 + 0*v**2 - 5*v**2. Is d(4) a composite number?
False
Let j(p) = p**3 - 4*p**2 + 4*p + 3. Let y be j(4). Suppose 0 = r - 6*i + 2*i - y, 2*i + 6 = 0. Is r a composite number?
False
Let l be 3/2*(-426)/(-9). Let h = l + -27. Suppose 0 = -v - 3*b + h, -4*v + 61 = 3*b - 88. Is v composite?
True
Let k = 417 - -386. Is k a composite number?
True
Let t = -956 - -1365. Is t a composite number?
False
Is 2*(-1 - (-1010)/4) composite?
False
Let k be ((-3)/6)/((-1)/16). Let d(p) = 29*p - 15. Is d(k) a composite number?
True
Let l(v) = v**3 + 5*v**2 - v - 5. Let c(m) = -m**3 - 2*m**2 + 3. Let d(q) = -5*c(q) - 3*l(q). Let n be d(5). Suppose -2*k + n = 2*k. Is k prime?
False
Is 2/(3/(9465/10)) a composite number?
False
Let a(u) = -u**3 + 18*u**2 - 25*u + 21. Is a(16) a prime number?
False
Suppose -4*n + 219 = -1105. Is n a composite number?
False
Let s = -17 - -201. Let u = 127 - s. Let x = u - -94. Is x composite?
False
Let i = -45 + 112. Is i composite?
False
Suppose 692 = h - 267. Is h a prime number?
False
Let r(o) = 3*o**2 + 2*o + 1. Let g be r(-1). Suppose g*v + v = 105. Is v prime?
False
Is 213 - (-1 - (3 + -6)) a prime number?
True
Is 9200/15 + 2/(-6) a prime number?
True
Suppose -66 = -4*g - 5*s - 25, 2*g - 16 = -4*s. Is g prime?
False
Let t be (2/(-4))/(3/(-18)). Suppose -t*d = -0*d - 435. Let j = 0 + d. Is j prime?
False
Is -6 - (1 + -4) - -5384 composite?
False
Let r be (-3)/((2 - 1)/(-1)). Suppose 0 = r*i - 5*y - 306, -5*y - 26 - 183 = -2*i. Is i composite?
False
Let o = 42 + -30. Is (-4)/o + 224/6 prime?
True
Let a be -1 - (-3*1 + -1). Let m(y) = y**2 + 9*y - 7. Let l be m(-7). Is (l/9)/((-1)/a) a composite number?
False
Suppose 0 = -6*b + 2*b + 68. Suppose -b = -u - 5*p, 0*u + 3*u + 4*p = 62. Is u a composite number?
True
Let w be (-3*1)/((-12)/16). Suppose -384 = -2*k - w*r, 5*k = -r + 869 + 100. Is k a composite number?
True
Suppose -w - d = 2*w - 137, 86 = 2*w - 2*d. Let a(o) = -o**3 - 5*o**2 - o. Let l be a(-5). Suppose -10 = l*g - w. Is g prime?
True
Let b(k) = -k + 8. Suppose 10 = -4*v + 34. Is b(v) a composite number?
False
Let q(c) = -c**3 + 2*c**2 + 4*c + 1. Let b be q(3). Suppose -5*z = -3*u + 198, b*z + 12 = -0*z. Suppose 18 = d - u. Is d composite?
False
Suppose 2*n = -n - 15. Is ((-33)/(-2))/(n/(-10)) composite?
True
Suppose -3*t + 0*h = -3*h - 21, 22 = 4*t - h. Suppose -39 = -t*s - 14. Suppose 275 = s*m - 2*c, 5*m = 2*m - c + 154. Is m prime?
True
Let p be -52 + (2 - (-12)/(-3)). Is 1*-2 + (3 - p) a prime number?
False
Is (1/(-2))/((-2)/844) composite?
False
Suppose 2*f + 5*x = 6, 4 = f + 2*f + 5*x. Let c(l) = -67*l - 1. Is c(f) prime?
False
Let g(q) = q**2 + 6*q - 41. Is g(5) a prime number?
False
Suppose -915 = 2*v + v. Let l = 514 + v. Is l prime?
False
Let o = -1105 + 557. Let s = -313 - o. Is s a prime number?
False
Let v(z) = z**2 + 4*z - 1. Let d(o) = 3*o**2 + 11*o - 2. Let j(l) = 2*d(l) - 7*v(l). Let i be j(-6). Suppose -i*r - 130 = -523. Is r a composite number?
False
Let w = -5 + 7. Suppose -w*v + 34 = 3*k - 0*k, -3*k = 4*v - 80. Is v prime?
True
Let d be 3/(-12) + (-15)/4. Let x(w) = -6*w**3 - 2. Let y(j) = -18*j**3 + j - 5. Let f(l) = -8*x(l) + 3*y(l). Is f(d) a prime number?
True
Let w = -70 + 185. Is w prime?
False
Let f(j) be the first derivative of -27*j**2/2 - 5*j + 8. Is f(-4) composite?
False
Let o be (-2)/(-9) - (-4)/(-18). Let j(k) = k**3 + 7*k**2 - 9*k - 3. Let p be j(-6). Suppose o*d + p = d. Is d composite?
True
Let g = 983 - 214. Is g prime?
True
Let w(g) be the third derivative of g**5/60 + g**4/24 - 5*g**3/6 + 4*g**2. Let x be w(0). Is 388/20 - (-2)/x a prime number?
True
Let c(h) = -97*h**2 - 2*h - 1. Let w be c(2). Let v = 556 + w. Is v prime?
True
Let w = 16 - 6. Let f = 0 + w. Let h = -3 + f. Is h a composite number?
False
Let k = -134 - -237. Is k a composite number?
False
Let j = 409 + 928. Is j prime?
False
Let u(v) = -v + 2. Let d be u(2). Suppose 4*g + 24 = -d. Is 14/(-4)*12/g prime?
True
Suppose 0 = -4*j - f + 13, 18 = 2*j - 3*j + 4*f. Let t be (-1)/(j/(-4)) + 2. Suppose 5*m - 14 = -t. Is m prime?
True
Let j be 1/2 - (-38)/4. Let x(k) = -8*k + 10. Let w be x(j). Let r = w + 157. Is r composite?
True
Suppose 2*p = -2*k + 2576, -2588 = 2*k - 4*k + 2*p. Is k a prime number?
True
Let k be ((-515)/10)/(2/(-4)). Is (-3)/(-12) + k/4 composite?
True
Let p = 881 + -470. Is p composite?
True
Suppose 0 = 5*w, -3*w + 782 = -p + 3*p. Is p a prime number?
False
Let k = 681 - 290. Is k composite?
True
Suppose 0 = 8*f - 24*f + 282352. Is f a prime number?
False
Let t be ((-8)/20)/((-2)/20). Suppose -t + 179 = 5*u. Let v = u - 0. Is v a composite number?
True
Let v(s) = -17*s**3 - 35*s**2 - 33*s + 1. Let t(b) = -8*b**3 - 17*b**2 - 16*b. Let n(g) = 13*t(g) - 6*v(g). Is n(-7) a composite number?
False
Let z = 11 + -8. Let u(s) = 4*s**3 - 2*s**2 + s + 4. Is u(z) a prime number?
True
Let t = 726 - -145. Is t composite?
True
Let w(s) = 943*s**2 - 4*s - 4. Is w(-1) composite?
True
Let c(i) = i**3 + 27*i**2 + 25*i - 4. Is c(-23) prime?
False
Suppose -5*a - 102 + 1687 = 0. Is a a prime number?
True
Suppose -6295 = -g - 4*g. Is g a prime number?
True
Let c = -4 - -2. Let m = 3 - c. Let a(j) = 4*j + 3. Is a(m) a composite number?
False
Let k = -1 - -1. Let s(a) = -a**2 - a. Let n(g) = g**2 + 2*g + 35. Let x(t) = n(t) + 2*s(t). Is x(k) a prime number?
False
Let t(n) = 16*n**2 + n - 8. Let v be t(-5). Is -2*(-4)/4 + v prime?
True
Let u be (-2)/(2*1/(-890)). Suppose 7*m - b = 2*m + 1113, -4*m + u = -b. Is m composite?
False
Is (2*(-3407)/1)/((-48)/24) a prime number?
True
Suppose -v - 3*v + 3*l - 13 = 0, -5*v + 3*l - 14 = 0. Let z(h) = 157*h**2 - 2*h. Is z(v) prime?
False
Let n(g) = -16*g**3 - 3*g**2 - 10*g - 2. Is n(-5) a composite number?
False
Suppose 12*a - a - 8767 = 0. Is a a composite number?
False
Let h be 4/6 - (-42176)/24. Let z = h - 869. Is z composite?
True
Suppose 5*o - 4*i = -0*o - 22, 8 = -3*o + 5*i. Let m = -6 - o. Suppose m = 3*a - 34 - 77. Is a a prime number?
True
Let y be 6/(-2 - 19/(-8)). Is (-2 - 0)/(y/(-1016)) a prime number?
True
Is 2634/(4 - 1) + -1 a prime number?
True
Let s be 1*(-1 - -4 - -1). Is 1*49 + 0/s a prime number?
False
Let q(l) be the third derivative of l**6/120 + l**5/30 + l**4/24 - 2*l**2. Let w be q(-1). Suppose w*b + 38 = 2*b. Is b prime?
True
Let x(k) = 6*k**2 + 6*k + 5. Suppose -u = -2*w + 2*u + 10, -4*u - 14 = -3*w. Let v be w*(0 - -1)*-2. Is x(v) a prime number?
False
Suppose 124 = r + 1. Is r a prime number?
False
Suppose 0 = 2*h - 6*h + 2372. Su